{"id":12110,"date":"2024-12-03T14:46:58","date_gmt":"2024-12-03T13:46:58","guid":{"rendered":"https:\/\/attiliozanetti.com\/?post_type=product&#038;p=12110"},"modified":"2025-08-18T20:43:37","modified_gmt":"2025-08-18T18:43:37","slug":"orecchini-oro-bianco-4778","status":"publish","type":"product","link":"https:\/\/attiliozanetti.com\/de\/product\/orecchini-oro-bianco-4778\/","title":{"rendered":"DIAMANT-OHRRINGE KREISE 01"},"content":{"rendered":"<p>Mod. OR 4778<\/p>\n<p class=\"cvGsUA direction-ltr align-justify para-style-body\"><span class=\"OYPEnA font-feature-liga-off font-feature-clig-off font-feature-calt-off text-decoration-none text-strikethrough-none\">Wei\u00dfgold-Ohrringe mit 0,82 Karat nat\u00fcrlichen Diamanten.<\/span><\/p>\n<p class=\"p1\">","protected":false},"excerpt":{"rendered":"<p>Mod. OR 4778<\/p>\n<p class=\"cvGsUA direction-ltr align-justify para-style-body\"><span class=\"OYPEnA font-feature-liga-off font-feature-clig-off font-feature-calt-off text-decoration-none text-strikethrough-none\">Ohrringe aus Wei\u00dfgold, besetzt mit nat\u00fcrlichen Diamanten von 0,82 Karat. Das Design zeichnet sich durch ein halbkreisf\u00f6rmiges Profil aus, das vollst\u00e4ndig mit nat\u00fcrlichen Diamanten in Pav\u00e9-Fassung besetzt ist.<\/span><\/p>\n<p class=\"cvGsUA direction-ltr align-justify para-style-body\"><span class=\"OYPEnA font-feature-liga-off font-feature-clig-off font-feature-calt-off text-decoration-none text-strikethrough-none\">Einzelheiten:<\/span><\/p>\n<ul>\n<li><span class=\"OYPEnA font-feature-liga-off font-feature-clig-off font-feature-calt-off text-decoration-none text-strikethrough-none\">Wei\u00dfgold<\/span><\/li>\n<li><span class=\"OYPEnA font-feature-liga-off font-feature-clig-off font-feature-calt-off text-decoration-none text-strikethrough-none\">Nat\u00fcrliche wei\u00dfe Diamanten<\/span><\/li>\n<\/ul>\n<p class=\"cvGsUA direction-ltr align-justify para-style-body\"><span class=\"OYPEnA font-feature-liga-off font-feature-clig-off font-feature-calt-off text-decoration-none text-strikethrough-none\">Die Lieferzeiten k\u00f6nnen je nach Liefergebiet variieren und betragen maximal drei Wochen.<\/span><\/p>\n<p><span class=\"OYPEnA font-feature-liga-off font-feature-clig-off font-feature-calt-off text-decoration-none text-strikethrough-none\">Um dieses Produkt aus einem Nicht-EU-Land zu kaufen, kontaktieren Sie uns bitte direkt: info@attiliozanetti.com<\/span><\/p>\n<p>&nbsp;<\/p>\n<p>&nbsp;<\/p>","protected":false},"featured_media":12111,"comment_status":"closed","ping_status":"closed","template":"","meta":{"_monsterinsights_skip_tracking":false,"_monsterinsights_sitenote_active":false,"_monsterinsights_sitenote_note":"","_monsterinsights_sitenote_category":0},"product_brand":[],"product_cat":[70,79],"product_tag":[],"class_list":{"0":"post-12110","1":"product","2":"type-product","3":"status-publish","4":"has-post-thumbnail","6":"product_cat-i-diamanti","7":"product_cat-orecchini","8":"nt-post-class","9":"","15":"first","16":"instock","17":"shipping-taxable","18":"purchasable","19":"product-type-simple"},"_links":{"self":[{"href":"https:\/\/attiliozanetti.com\/de\/wp-json\/wp\/v2\/product\/12110","targetHints":{"allow":["GET"]}}],"collection":[{"href":"https:\/\/attiliozanetti.com\/de\/wp-json\/wp\/v2\/product"}],"about":[{"href":"https:\/\/attiliozanetti.com\/de\/wp-json\/wp\/v2\/types\/product"}],"replies":[{"embeddable":true,"href":"https:\/\/attiliozanetti.com\/de\/wp-json\/wp\/v2\/comments?post=12110"}],"version-history":[{"count":7,"href":"https:\/\/attiliozanetti.com\/de\/wp-json\/wp\/v2\/product\/12110\/revisions"}],"predecessor-version":[{"id":15151,"href":"https:\/\/attiliozanetti.com\/de\/wp-json\/wp\/v2\/product\/12110\/revisions\/15151"}],"wp:featuredmedia":[{"embeddable":true,"href":"https:\/\/attiliozanetti.com\/de\/wp-json\/wp\/v2\/media\/12111"}],"wp:attachment":[{"href":"https:\/\/attiliozanetti.com\/de\/wp-json\/wp\/v2\/media?parent=12110"}],"wp:term":[{"taxonomy":"product_brand","embeddable":true,"href":"https:\/\/attiliozanetti.com\/de\/wp-json\/wp\/v2\/product_brand?post=12110"},{"taxonomy":"product_cat","embeddable":true,"href":"https:\/\/attiliozanetti.com\/de\/wp-json\/wp\/v2\/product_cat?post=12110"},{"taxonomy":"product_tag","embeddable":true,"href":"https:\/\/attiliozanetti.com\/de\/wp-json\/wp\/v2\/product_tag?post=12110"}],"curies":[{"name":"wp","href":"https:\/\/api.w.org\/{rel}","templated":true}]}}

<p>Mod. OR 4778</p>
<p class="cvGsUA direction-ltr align-justify para-style-body"><span class="OYPEnA font-feature-liga-off font-feature-clig-off font-feature-calt-off text-decoration-none text-strikethrough-none">Weißgold-Ohrringe mit 0,82 Karat natürlichen Diamanten.</span></p>
<p class="p1">

<p>Mod. OR 4778</p>
<p class="cvGsUA direction-ltr align-justify para-style-body"><span class="OYPEnA font-feature-liga-off font-feature-clig-off font-feature-calt-off text-decoration-none text-strikethrough-none">Ohrringe aus Weißgold, besetzt mit natürlichen Diamanten von 0,82 Karat. Das Design zeichnet sich durch ein halbkreisförmiges Profil aus, das vollständig mit natürlichen Diamanten in Pavé-Fassung besetzt ist.</span></p>
<p class="cvGsUA direction-ltr align-justify para-style-body"><span class="OYPEnA font-feature-liga-off font-feature-clig-off font-feature-calt-off text-decoration-none text-strikethrough-none">Einzelheiten:</span></p>
<ul>
<li><span class="OYPEnA font-feature-liga-off font-feature-clig-off font-feature-calt-off text-decoration-none text-strikethrough-none">Weißgold</span></li>
<li><span class="OYPEnA font-feature-liga-off font-feature-clig-off font-feature-calt-off text-decoration-none text-strikethrough-none">Natürliche weiße Diamanten</span></li>
</ul>
<p class="cvGsUA direction-ltr align-justify para-style-body"><span class="OYPEnA font-feature-liga-off font-feature-clig-off font-feature-calt-off text-decoration-none text-strikethrough-none">Die Lieferzeiten können je nach Liefergebiet variieren und betragen maximal drei Wochen.</span></p>
<p><span class="OYPEnA font-feature-liga-off font-feature-clig-off font-feature-calt-off text-decoration-none text-strikethrough-none">Um dieses Produkt aus einem Nicht-EU-Land zu kaufen, kontaktieren Sie uns bitte direkt: info@attiliozanetti.com</span></p>
<p>&nbsp;</p>
<p>&nbsp;</p>
